1. Let q(p) = -p**3 + 7*p**2 + 2*p. Let d(c) = -25*c**2 - 15*c + 5*c + c**3 + 3*c**3 - 9*c**2. Let i(n) = 3*d(n) + 14*q(n). Calculate i(s).
4
Let t(c) = c + 11. Let g(o) = -o - 9. Let q(k) = 5*g(k) + 4*t(k). What is q(3)?
-4
Let i(q) = q**3 + 5. Let l(f) = -f**3 - 15*f**2 - 25*f + 13. Let w be l(-13). Determine i(w).
5
Let b be (-1 + 4/4)*-1. Let a(s) = -s**3 - s**2 - s + 10. What is a(b)?
10
Let l(v) = v**3 + 3*v**2 - 3*v + 1. Let y = 21 - 12. Let m = y + -12. Calculate l(m).
10
Let u(d) = -4*d + 2. Let o be u(2). Let z(y) be the third derivative of y**4/24 + 13*y**3/6 - 5*y**2. Give z(o).
7
Let k = -43 - -37. Let n(j) = 1 - 7*j - 2*j**3 - 7*j**2 - 3 + j**3. Give n(k).
4
Let k(t) = -2*t + 5. Let b(h) = 14*h**2 + 1. Let q be b(-1). Let u be ((-9)/q + 1)*10. Let j be k(u). Let v(r) = 3*r + 4. Determine v(j).
-5
Let q(i) = -i**2 + 6*i + 4. Let t(a) = a**2 - a. Let u be t(-1). Suppose v + 28 = 6*w - 2*w, 3*v = -u*w. Give q(w).
4
Let k(u) = -5*u + 5. Let s(f) = 14*f - 14. Let x(i) = 17*k(i) + 6*s(i). Let j be (-1)/5 - 88/(-40). Suppose j*b - 4*b = w + 6, b = -3*w + 7. Calculate x(w).
-3
Suppose -3*k - 2*o + 3*o = -5, 5*k - o - 5 = 0. Suppose 2*d + 4 = k, 5*l - 3 = -2*d - 7. Let f(u) = -u**3 + u**2 + 14. What is f(l)?
14
Let f(c) = -c**2 - 6*c - 1. Suppose 4*y - 76 = -16. Let u = y - 21. Give f(u).
-1
Suppose -d + 16 = -4*w + 4*d, 2*w + 5*d = -8. Let m = 13 - w. Suppose 0*r - 3*p = r - m, 2*r + 5*p = 30. Let z(k) = -k**2 + 7*k - 4. Determine z(r).
6
Let u(w) be the second derivative of w**6/720 + w**5/30 + w**4/6 - 2*w. Let j(b) be the third derivative of u(b). Let n be 28/6 - 6/9. Determine j(n).
8
Let i be (0/(-3))/(-3) - 3/1. Let r(n) be the second derivative of n**2 - 1/6*n**3 - 1/20*n**5 - 1/3*n**4 + 0 + n. Determine r(i).
-4
Let x(t) be the third derivative of t**6/120 + t**5/15 + t**3/2 - t**2. Give x(-4).
3
Let g(m) = 4*m**3 - 2*m**2 - m. Suppose -4*u + 9 = -3. Suppose 4*f - u = 9. Suppose 0 = f*z + z + 4. Calculate g(z).
-5
Let z(m) = -m**2 + 2*m + 4. Let p be ((-3)/1)/((-10)/10). What is z(p)?
1
Let v(o) be the second derivative of -o**4/12 + o**2 - o - 1. Give v(0).
2
Let x(t) = -t - 6. Let f(b) be the third derivative of b**4/12 - b**3/6 + 3*b**2. Suppose -8 + 0 = 4*v. Let p be f(v). Calculate x(p).
-1
Let c(p) = -3*p + 2. Suppose 5*u + 5*o = -35, -2*u - 4*o - 18 = -3*u. Let a = u - 1. Determine c(a).
11
Let o(v) = -5*v**2 - 5*v + 3. Let g(s) = s**2 + 2*s. Let z(h) = -6*g(h) - o(h). Determine z(-5).
7
Let v(t) = -1. Let y(w) = 3*w**2 - 2*w + 5. Let g(p) = 4*v(p) + y(p). Let k be ((-2 - -1)*1)/(-1). Determine g(k).
2
Suppose -2*k + 4*k = 6. Let j(p) = -p + k*p + 1 - p + p. Give j(2).
5
Suppose 5*y - j + 3 = 2*y, 0 = -5*y - j + 3. Let k(h) = -6*h + 19. Let s(o) = o - 4. Let a(i) = -2*k(i) - 11*s(i). Calculate a(y).
6
Let r(q) = -5*q**3 + 10*q**2 + q. Let c(n) = 4*n**3 - 9*n**2 - n. Suppose 0 = -4*g + 4 + 16. Let f(m) = g*r(m) + 6*c(m). Calculate f(-3).
-6
Let b(t) = -t**3 - 6*t**2 - 7*t - 4. Suppose -2*f = -6*f - 20. Let d = -5 + 3. Let s be d/(-5) + 27/f. What is b(s)?
6
Let y = 57 + -55. Let m(n) = n**2 - 3*n + 3. Give m(y).
1
Let v(d) = -2*d**2 - 3*d + 0*d - 10*d**3 + 7*d - 5*d. Let u = -1 - 0. Calculate v(u).
9
Suppose 0 + 20 = 5*t. Suppose 0 = -t*l - 3*h - 4, -3*l - 6 = 5*h + 8. Let w(j) = -7*j + 5. Let b(z) = -1. Let n(a) = -3*b(a) - w(a). What is n(l)?
12
Let u(t) = t**2 + 4. Let w = 1 - 1. Give u(w).
4
Let j(w) = 4*w**2 + w - 2. Let m be j(1). Suppose -m = 6*k - 9*k. Let l(u) = 0*u + 2*u - 3*u. Give l(k).
-1
Let n(r) = -r**2 - 7*r - 3. Let p be n(-6). Let t(x) be the first derivative of 2 - 2*x - 1/3*x**p + 0*x**2. What is t(-2)?
-6
Let a(d) = -d**2 - 5*d + 3. Let x be a(-5). Let h(v) = -2*v - 3*v + 2 - x. Give h(-1).
4
Let m(u) = -u**3 - 2*u**2 + 5*u + 6. Let y = 2 + -6. Determine m(y).
18
Let g(u) = 5*u**3 - 11*u**2 - 3*u - 10. Let k(a) = 11*a**3 - 23*a**2 - 7*a - 21. Let t(f) = 9*g(f) - 4*k(f). Suppose 0 = -3*w + 11 + 10. Calculate t(w).
1
Let n(g) be the first derivative of 1 - 1/3*g**3 + 1/4*g**4 - 1/2*g**2 + g. What is n(-2)?
-9
Let a(j) be the second derivative of -j**6/120 + j**5/60 - j**4/24 - j**3/6 - j. Let x(n) be the second derivative of a(n). Calculate x(1).
-2
Let m(s) = 11*s - 9. Let x(t) = 7*t - 6. Let b(q) = 5*m(q) - 8*x(q). Give b(7).
-4
Let k(t) = t**3 - 2*t**2 - 4*t - 1. Let g = -17 - -20. Give k(g).
-4
Suppose -5*m = 9 + 1. Let k(t) = 3*t**2 - 15*t + 8*t + 0*t**2 + 8*t + 2*t**3. What is k(m)?
-6
Let n = -12 + 20. Suppose 2*r = 4*k + 24, 0 = 5*k + 5*r + 23 - n. Let v = -4 - k. Let b(m) = -4*m**2 - m + 1. Determine b(v).
-4
Let t be 2/(-8) - (-75)/12. Let u(b) be the first derivative of b**4/4 - 5*b**3/3 - 4*b**2 + 5*b + 20. Calculate u(t).
-7
Let n = 22 - 26. Let w(p) = -p**3 - 5*p**2 - 6*p - 3. Determine w(n).
5
Let z(r) be the second derivative of r**3/2 + r**2/2 - 6*r. Determine z(3).
10
Let o(s) be the third derivative of s**4/24 - s**3/6 + 19*s**2. Calculate o(-6).
-7
Let o(v) = 3 - 14*v + 31*v - 16*v. Determine o(-4).
-1
Let v(w) = -4*w - 1. Let t = -12 - -16. Suppose 5*h - 5*b = 0, -2*b - t = h - b. Give v(h).
7
Suppose 13 = 5*m - 2. Let n(u) = 0*u**3 - 3*u + 2*u + u**2 - 2*u**m + 4*u**3. Calculate n(1).
2
Let s(f) = f**3 - 9*f**2 + 9*f - 5. Let z be s(8). Let h(q) = -3*q + 0 - 1 + z*q + q. Give h(-2).
-3
Let v(c) = -3*c**3 - c**2 + 4*c. Let p(w) be the second derivative of w**5/5 - w**3/2 - 5*w. Let r(q) = -3*p(q) - 2*v(q). Calculate r(-1).
7
Let z(i) = -6*i - 5. Let v(k) = 5*k + 4. Let w = -7 - -10. Let l(f) = w*z(f) + 4*v(f). Give l(1).
3
Let a(t) = 2*t + 8 - t**2 - 23 + 12. Give a(3).
-6
Let o(c) = 8*c**3 - c**2 - 2*c - 1. Let w(u) = -2*u**3 + u**2 - 15*u - 1. Let k(y) = -y**3 - 7*y - 1. Let q(s) = 13*k(s) - 6*w(s). Let a be q(-6). What is o(a)?
-8
Let t = 2 - 5. Let a = -9 + 7. Let q(c) = -c - 4. Let u(n) = -4. Let o(g) = a*u(g) + 3*q(g). Calculate o(t).
5
Let x(w) be the second derivative of 3/2*w**2 + 0 - 2*w + 1/6*w**3. Let t(h) = h**2 + 9*h + 9. Let d be t(-7). Calculate x(d).
-2
Suppose s - 10 = 3*s, -2*p - 5 = -s. Let u(r) = r**3 + 6*r**2 + 8*r + 4. What is u(p)?
-11
Let b(l) = -3*l**2 - 1. Suppose 2 = 11*z - 9*z. What is b(z)?
-4
Let g(t) = -t**3 - 5*t**2 - 2*t + 4. Suppose -2*w - 2 = -16. Suppose w - 23 = 4*r. Determine g(r).
-4
Let y(x) be the second derivative of x**5/20 - 5*x**4/12 - x**3 + 2*x**2 - 10*x. Determine y(6).
4
Let x(a) = a + 2. Let d be ((-18)/(-10))/(21/70). Let p = d + -4. What is x(p)?
4
Suppose 4*w + 6 + 2 = 0. Let k(d) = -2*d**2 - 2*d. What is k(w)?
-4
Let c(n) be the second derivative of -3/2*n**2 - 2*n + 1/6*n**3 + 0. Give c(5).
2
Let w(j) = -j + 1. Let d be 2 + (1 - 0 - 2). Let l be w(d). Let m(x) = -6*x - 1 + 0 + l. Determine m(-1).
5
Let o(y) be the second derivative of y**4/12 + y**3/6 - y**2/2 + 2*y. Suppose -2*f - 1 = 3. Calculate o(f).
1
Suppose -3*o + 4*o = 2. Let j be o + -1 - (-18 + 4). Suppose -9 = -4*d + j. Let i(y) = y**3 - 7*y**2 + 7*y. Determine i(d).
6
Let c(q) = 2*q**2 - 8*q + 1. Let s(r) = -r**2 + 8*r. Let h(t) = -3*c(t) - 4*s(t). Calculate h(-5).
-13
Let j(t) = 22*t - 55*t + 13*t + 18*t. Give j(3).
-6
Let j(q) be the first derivative of -q**4/2 + 2*q**3/3 + q**2/2 + 2*q + 31. Give j(2).
-4
Let o(f) = f + 6. Let k be o(-6). Let w(i) = -3*i**2 - i - 1. Let u be 4*2/4*2. Let h(q) = -q**2 + 1. Let y(a) = u*h(a) - w(a). What is y(k)?
5
Suppose -144 = 7*y + 3. Let o = 21 + y. Let f(k) be the first derivative of -k**4/4 - 4*k + 1. What is f(o)?
-4
Let r(w) = -3*w + 36. Let z be r(13). Let u(b) = 5*b - 1. Let s be u(1). Let h(t) = s*t + 2 - t - 3. What is h(z)?
-10
Suppose 4*w = 15 + 9. Let h(s) = 0*s - s**3 - 2 - w + 7*s**2 - 4*s. Suppose -t - 2*j + 6 = -0*j, -4*j = 0. Determine h(t).
4
Let y(h) = h + 1. Suppose -2*d + 8 = -6*d. Calculate y(d).
-1
Let l(q) = 18 - 17 + 6*q - 3*q. Let r = -2 + -1. Calculate l(r).
-8
Suppose 10*l + 14 = 3*l. Let w(j) = -j + 1. Let s(f) = f**2 + 2*f + 6. Let r(p) = l*w(p) + s(p). What is r(-3)?
1
Let n = -8 + 13. Suppose n*y - 34 = -4. Let t(h) = 2*h - 2. Calculate t(y).
10
Suppose -5*b - t = 4*t + 15, 3*b + 4*t = -9. Let s(p) = -p**3 - 4*p**2 + 5*p + 3. Calculate s(b).
-21
Let b be (-1)/(-3) + 50/(-15). Let j(w) be the first derivative of w**3/3 + w**2/2 - w - 1. Let o(x) be the first derivative of j(x). Calculate o(b).
